 5?
-1021213104
Convert 22211011210201 (base 3) to base 8.
21704270
What is -190812 (base 13) in base 14?
-1256b3
1b60984 (base 12) to base 16
593f74
-52342a (base 13) to base 3
-10121120222002
What is -220314 (base 6) in base 4?
-10131112
Convert -5c4559 (base 13) to base 5.
-1031141104
-1cf1a (base 16) to base 2
-11100111100011010
53346 (base 9) to base 10
35277
Convert -2e9e6 (base 16) to base 2.
-101110100111100110
What is -1272a61 (base 15) in base 10?
-13272841
1117c02 (base 13) to base 8
24002250
330221 (base 11) to base 12
215211
Convert -5633761 (base 8) to base 14.
-2b8773
Convert 130122202 (base 4) to base 13.
40c8a
What is -22953 (base 13) in base 15?
-13a70
Convert -20120111101202 (base 3) to base 8.
-15247432
Convert -254797 (base 13) to base 8.
-3324776
Convert 12bbaa (base 12) to base 9.
523574
-103301114 (base 5) to base 2
-1101101001000111010
Convert -220122220110 (base 3) to base 9.
-818813
-4024420 (base 6) to base 9
-318853
Convert 506043 (base 7) to base 5.
10223444
Convert -5045151 (base 7) to base 2.
-10010010011001100001
What is -3e656 (base 16) in base 3?
-110222120201
-7cb8d (base 14) to base 9
-513152
Convert -c7d4e9 (base 16) to base 6.
-1144410225
Convert 11620 (base 16) to base 5.
4234300
What is 1216572 (base 8) in base 9?
560753
Convert 39528 (base 13) to base 11.
72989
-2223403 (base 5) to base 6
-501340
What is 25261230 (base 9) in base 8?
57166525
Convert -1698952 (base 10) to base 12.
-69b234
-a7c1c7 (base 15) to base 9
-16025807
What is -30534 (base 15) in base 12?
-746a1
What is 40312014 (base 5) in base 7?
2512663
What is -322a (base 12) in base 13?
-2677
What is -16d0 (base 14) in base 12?
-245a
Convert -1011010010111001001 (base 2) to base 7.
-3101033
Convert -3133234022 (base 5) to base 3.
-110022021001001
Convert -388033 (base 9) to base 11.
-150a29
Convert -11001010110001001110001 (base 2) to base 8.
-31261161
16199 (base 11) to base 9
34315
52a430 (base 14) to base 2
1010101010001011101010
Convert 179bc3 (base 15) to base 13.
311c91
Convert 80a3b (base 16) to base 12.
214b0b
Convert -30113121221 (base 4) to base 14.
-605493
What is 1010201021212 (base 3) in base 11?
383234
What is 352a46 (base 15) in base 16?
26c31c
What is 23b96b2 (base 13) in base 5?
10320240400
Convert 13516035 (base 7) to base 11.
79446a
-bd496 (base 14) to base 11
-293a82
Convert 3621555 (base 8) to base 3.
1212101220210
Convert -3702151 (base 11) to base 13.
-144864c
Convert -5918a (base 16) to base 3.
-200112121020
Convert -533053 (base 6) to base 16.
-a9b9
Convert -121111002222 (base 3) to base 14.
-86377
-412457 (base 9) to base 13
-87439
-134353 (base 13) to base 7
-3651406
What is -35476172 (base 8) in base 15?
-a35b94
150ee8e (base 15) to base 7
243343520
What is -11000110110101000 (base 2) in base 10?
-101800
What is 11303323 (base 5) in base 8?
312244
2233146 (base 10) to base 9
4173263
What is -113033020030 (base 4) in base 13?
-1353709
What is 101001100000110011 (base 2) in base 7?
1305505
Convert -7975499 (base 10) to base 7.
-124535120
-950459 (base 10) to base 7
-11036006
Convert -69593 (base 10) to base 11.
-48317
200556 (base 7) to base 16
846c
Convert -110011011100000110110 (base 2) to base 3.
-10011122011002
Convert 100110010111010001011010 (base 2) to base 3.
200220221022212
Convert -5c21d (base 14) to base 12.
-aa557
What is 1266156 (base 8) in base 3?
200001120101
Convert 1b218d (base 15) to base 10.
1323358
Convert -1308d9 (base 14) to base 6.
-22011343
What is 32c26 (base 14) in base 9?
206802
Convert -11246 (base 14) to base 6.
-520354
Convert 2346070 (base 8) to base 10.
642104
Convert -2920b1 (base 13) to base 15.
-14c7ed
What is -1281852 (base 9) in base 6?
-23024415
Convert 37eb51 (base 15) to base 16.
28edbd
Convert -d08463 (base 14) to base 3.
-111012101010121
-b800b7 (base 12) to base 7
-33451036
-141aa86 (base 11) to base 15
-3346b5
What is -51331414 (base 6) in base 4?
-11213312002
What is 8b24b (base 13) in base 7?
2102526
What is 221000220210 (base 3) in base 5?
111231434
-1101100001101111101 (base 2) to base 12
-194625
Convert -412010321 (base 6) to base 2.
-11011000011101110001001
Convert -22160517 (base 8) to base 14.
-8c48a3
-25f2b2 (base 16) to base 14
-48a482
Convert 3624232 (base 8) to base 2.
11110010100010011010
-12021132100 (base 4) to base 5
-403033124
Convert -11911a4 (base 11) to base 2.
-111111000011000011011
11303222221 (base 4) to base 10
1522345
Convert 51426316 (base 7) to base 6.
232211524
What is -16735600 (base 10) in base 3?
-1011111020221001
Convert c47ca (base 16) to base 4.
3010133022
Convert 217074 (base 8) to base 14.
1c9c0
69668 (base 13) to base 14
500b5
-1335871 (base 9) to base 13
-1c8610
Convert -1434e (base 15) to base 9.
-107882
What is -308083 (base 10) in base 15?
-6143d
What is -38372 (base 15) in base 14?
-49689
-3040200 (base 5) to base 4
-30010101
Convert -3b3b77 (base 14) to base 16.
-1f3a4d
-1b051 (base 13) to base 3
-2200102100
1a57a4 (base 14) to base 15
137a65
What is -9492094 (base 10) in base 5?
-4412221334
What is 738cc (base 15) in base 8?
1313634
Convert 10111111100001110100 (base 2) to base 5.
200101000
What is 10442223 (base 5) in base 6?
2000330
805620 (base 9) to base 10
476541
What is -256982 (base 10) in base 13?
-8cc7b
Convert -8380 (base 15) to base 11.
-19979
-4ef6a (base 16) to base 13
-b42a7
Convert 112054 (base 11) to base 6.
3453553
5b75e1 (base 15) to base 4
100231001113
-12222100011 (base 3) to base 10
-117616
Convert -1100111010000101110010 (base 2) to base 7.
-40521626
14668538 (base 9) to base 3
111202022121022
1460c (base 13) to base 7
216611
Convert -16b6e7 (base 16) to base 12.
-5b9573
Convert -2166521 (base 7) to base 14.
-6dd81
What is 81a067 (base 11) in base 2?
101000001011001010000
What is 3134832 (base 9) in base 11?
a45766
What is -101002200211 (base 3) in base 8?
-604214
What is -301231333 (base 5) in base 9?
-2222344
What is 6a963 (base 15) in base 4?
1102322202
-2334031 (base 9) to base 7
-13506133
What is 172857 (base 10) in base 3?
22210010010
-4a640 (base 15) to base 4
-322001130
40234214 (base 6) to base 16
1165a2
What is 3558572 (base 9) in base 11?
10a8051
Convert 257a746 (base 11) to base 9.
8354830
What is -140496 (base 10) in base 8?
-422320
Convert -162649 (base 13) to base 5.
-120020003
-12121202121 (base 3) to base 13
-3b485
What is -181d7 (base 14) in base 5?
-3421003
What is 1101100100110100100 (base 2) in base 5?
103213321
What is 1001111010111111010 (base 2) in base 8?
1172772
-110111111010111110011 (base 2) to base 11
-1041810
Convert -7734 (base 11) to base 9.
-14884
What is -445505 (base 6) in base 3?
-1220111212
What is -341c5 (base 13) in base 14?
-26797
Convert -3b219a (base 16) to base 5.
-1443001401
4880409 (base 11) to base 10
8492273
What is 2a3101 (base 12) in base 9?
1302371
-10012201121 (base 3) to base 7
-352216
What is 2543100 (base 8) in base 2?
10101100011001000000
What is -2353142 (base 8) in base 12?
-271116
What is -142062 (base 9) in base 2?
-10101001100010111
110034424 (base 6) to base 15
28c0e4
14433336 (base 7) to base 8
5163255
What is 56073236 (base 8) in base 6?
1111035314
-63901 (base 12) to base 13
-47770
What is 14344 (base 13) in base 7?
215350
Convert 156200 (base 7) to base 12.
15b08
What is -f42f2 (base 16) in base 15?
-14b538
-4053635 (base 7) to base 15
-985d5
Convert 2347060 (base 10) to base 8.
10750064
-12446645 (base 7) to base 3
-2010211010022
What is 33244 (base 8) in base 12?
8118
Convert 2443141 (base 5) to base 6.
1000023
What is -2066520 (base 7) in base 6?
-5222433
-35369 (base 16) to base 7
-1565312
What is -959239 (base 14) in base 5?
-2243321020
What is 340440425 (base 6) in base 11?
3551476
What is -10112000200112 (base 3) in base 5?
-434323020
Convert -918dd6 (base 15) to base 8.
-32302066
11323212000 (base 4) to base 12
62b940
What is 38108b (base 12) in base 3?
1201110001222
Convert 635776 (base 9) to base 13.
10322a
-204bba1 (base 13) to base 4
-211113013203
300324223 (base 5) to base 14
22b207
Convert 1960ee (base 15) to base 3.
2022202202022
What is 4886204 (base 11) in base 14?
11b395a
Convert -11011010010011100110 (base 2) to base 10.
-894182
415244 (base 6) to base 5
2033310
10201210112 (base 3) to base 5
4322411
Convert 653423 (base